{"id":522,"date":"2024-02-16T18:35:26","date_gmt":"2024-02-16T17:35:26","guid":{"rendered":"https:\/\/www.frauenbund-kumreut.de\/?page_id=522"},"modified":"2024-02-16T19:25:37","modified_gmt":"2024-02-16T18:25:37","slug":"veroeffentlichungen","status":"publish","type":"page","link":"https:\/\/www.frauenbund-kumreut.de\/?page_id=522","title":{"rendered":"Ver\u00f6ffentlichungen"},"content":{"rendered":"<p><a href=\"https:\/\/www.pnp.de\/print\/lokales\/landkreis-freyung-grafenau\/waldkirchen\/namen-und-notizen-15429497\" target=\"_blank\" rel=\"noopener\">Faschingsmarathon<\/a><\/p>\n<p><a href=\"https:\/\/www.pnp.de\/print\/lokales\/landkreis-freyung-grafenau\/waldkirchen\/grosszuegige-spende-fuers-frauenhaus-15252626\" target=\"_blank\" rel=\"noopener\">Frauenbund Kumreut und Frauenbund R\u00f6hrnbach spenden f\u00fcrs Frauenhaus Passau<\/a><\/p>\n<p><a href=\"https:\/\/www.pnp.de\/print\/lokales\/landkreis-freyung-grafenau\/waldkirchen\/dorfgemeinschaftshaus-ist-eingeweiht-14668914\" target=\"_blank\" rel=\"noopener\">Wir freuen uns \u00fcber unser neues Dorfgemeinschaftshaus<\/a><\/p>\n<p><a href=\"https:\/\/www.pnp.de\/print\/lokales\/landkreis-freyung-grafenau\/waldkirchen\/schwungvolle-jubilaeumsfeier-des-frauenbunds-kumreut-12216330\" target=\"_blank\" rel=\"noopener\">Jubil\u00e4umsfeier 50 Jahre Frauenbund Kumreut<\/a><\/p>\n<p>&nbsp;<\/p>\n<p>&nbsp;<\/p>\n","protected":false},"excerpt":{"rendered":"<p>Faschingsmarathon Frauenbund Kumreut und Frauenbund R\u00f6hrnbach spenden f\u00fcrs Frauenhaus Passau Wir freuen uns \u00fcber unser neues Dorfgemeinschaftshaus Jubil\u00e4umsfeier 50 Jahre Frauenbund Kumreut &nbsp; &nbsp;<\/p>\n","protected":false},"author":1,"featured_media":0,"parent":0,"menu_order":0,"comment_status":"closed","ping_status":"closed","template":"","meta":{"footnotes":""},"class_list":["post-522","page","type-page","status-publish","hentry"],"_links":{"self":[{"href":"https:\/\/www.frauenbund-kumreut.de\/index.php?rest_route=\/wp\/v2\/pages\/522","targetHints":{"allow":["GET"]}}],"collection":[{"href":"https:\/\/www.frauenbund-kumreut.de\/index.php?rest_route=\/wp\/v2\/pages"}],"about":[{"href":"https:\/\/www.frauenbund-kumreut.de\/index.php?rest_route=\/wp\/v2\/types\/page"}],"author":[{"embeddable":true,"href":"https:\/\/www.frauenbund-kumreut.de\/index.php?rest_route=\/wp\/v2\/users\/1"}],"replies":[{"embeddable":true,"href":"https:\/\/www.frauenbund-kumreut.de\/index.php?rest_route=%2Fwp%2Fv2%2Fcomments&post=522"}],"version-history":[{"count":5,"href":"https:\/\/www.frauenbund-kumreut.de\/index.php?rest_route=\/wp\/v2\/pages\/522\/revisions"}],"predecessor-version":[{"id":529,"href":"https:\/\/www.frauenbund-kumreut.de\/index.php?rest_route=\/wp\/v2\/pages\/522\/revisions\/529"}],"wp:attachment":[{"href":"https:\/\/www.frauenbund-kumreut.de\/index.php?rest_route=%2Fwp%2Fv2%2Fmedia&parent=522"}],"curies":[{"name":"wp","href":"https:\/\/api.w.org\/{rel}","templated":true}]}}